Let u(s) = 6*s**2 - 287*s + 569. Give u(2).
19
Let m(c) = -2*c**3 - 72*c**2 - 59*c + 360. What is m(-35)?
-25
Let w(v) = -v**3 - 26*v**2 + 795*v + 122. Calculate w(-44).
-10
Let q(y) = y**2 + 81*y - 1202. Give q(-94).
20
Let a(z) = -4*z**3 + 9*z**2 - 5*z - 32. Give a(-5).
718
Let l(j) = -j**3 - 26*j**2 - 43*j + 279. Give l(-25).
729
Let o(f) = -350*f - 27326. Give o(-78).
-26
Let k(r) = -r**3 + 11*r**2 + 9*r - 51. Give k(8).
213
Let s(m) = -2257*m + 6789. Give s(3).
18
Let a(r) = -42*r**2 - 5*r + 25. Give a(3).
-368
Let k(d) = -17*d**2 + 405*d + 26. Give k(24).
-46
Let a(g) = -377*g - 1513. What is a(-4)?
-5
Let h(l) = -3*l**2 - 57*l - 268. What is h(-9)?
2
Let l(a) = 79*a - 6383. Give l(79).
-142
Let t(k) = k**3 + 3*k**2 - 21*k + 19. Determine t(-8).
-133
Let x(u) = -6*u**2 - 37*u + 78. Calculate x(2).
-20
Let y(u) = u**2 + 23*u - 610. What is y(-43)?
250
Let u(t) = 115*t - 760. Determine u(6).
-70
Let w(a) = -2*a**3 + 5*a**2 + 15*a. Determine w(-4).
148
Let d(o) = -o + 182. What is d(-29)?
211
Let w(p) = -p**3 + 89*p**2 + 183*p - 86. Determine w(91).
5
Let r(l) = l**3 + 26*l**2 + 43*l - 44. Calculate r(-24).
76
Let a(r) = -r**3 + 29*r**2 + 33*r - 155. Calculate a(30).
-65
Let t(x) = -4*x**3 + 137*x**2 - 35*x + 14. Give t(34).
-20
Let c(p) = 28*p**2 - 111*p + 1. Calculate c(4).
5
Let h(j) = 4*j**3 - 3*j**2 + 2*j + 8. Determine h(-3).
-133
Let t(q) = 8*q**2 + 55*q - 3. Give t(-6).
-45
Let q(p) = -27*p - 1570. Determine q(-57).
-31
Let q(r) = -2*r**3 + 52*r**2 + 312*r - 75. What is q(31)?
-13
Let t(z) = -252*z - 4037. What is t(-16)?
-5
Let q(w) = -3*w**3 + 2*w**2 - 4*w + 8. Give q(4).
-168
Let x(p) = 20*p**3 - 88*p**2 - 53*p - 14. What is x(5)?
21
Let c(s) = s**3 + 11*s + 22. What is c(-2)?
-8
Let c(t) = -1623*t - 8183. Calculate c(-5).
-68
Let p(b) = b**3 - 73*b**2 - 226*b - 148. What is p(76)?
4
Let m(s) = 540*s**3 - s**2 - s. Calculate m(-1).
-540
Let x(s) = -3*s**2 - 28*s + 175. Calculate x(-14).
-21
Let l(h) = -23*h**2 + 60*h + 2. Calculate l(3).
-25
Let v(n) = -459*n - 6783. Determine v(-15).
102
Let j(i) = -4549*i - 13658. Calculate j(-3).
-11
Let k(m) = -m**3 - 68*m**2 - 578*m + 95. Determine k(-58).
-21
Let f(x) = -144*x - 1599. Determine f(-12).
129
Let m(j) = -46*j - 132. Calculate m(-3).
6
Let d(j) = 3*j**3 + 29*j**2 + 49*j + 30. Determine d(-9).
-249
Let s(j) = -j**3 + 11*j**2 + 40*j - 68. Determine s(15).
-368
Let f(j) = -j**3 - 45*j**2 - 46*j - 109. Determine f(-44).
-21
Let o(x) = -24*x**2 + 2369*x + 698. Give o(99).
5
Let p(t) = 34*t + 408. Determine p(-12).
0
Let d(m) = -m**3 + 115*m**2 - 334*m - 7. Determine d(3).
-1
Let o(p) = -119168*p - 595847. Give o(-5).
-7
Let w(y) = -3*y**3 - 25*y**2 - 55*y - 71. What is w(-6)?
7
Let w(u) = -134*u + 524. Give w(4).
-12
Let x(i) = i**2 - 35*i - 1493. What is x(60)?
7
Let t(c) = 4335*c + 21679. Determine t(-5).
4
Let i(s) = -s**3 - 4*s**2 + 48*s - 1. Give i(-9).
-28
Let g(u) = -u**3 - 42*u**2 - 44*u - 127. What is g(-41)?
-4
Let d(n) = n**2 - 29*n + 129. What is d(20)?
-51
Let z(c) = -c**2 - 35*c + 146. Calculate z(-39).
-10
Let w(l) = l**2 - 12*l - 87. What is w(16)?
-23
Let a(w) = -w**3 - 185*w**2 + 15*w + 2804. What is a(-185)?
29
Let z(k) = 26*k + 61. What is z(-18)?
-407
Let b(x) = -x**3 + 102*x**2 + 102*x + 98. What is b(103)?
-5
Let a(h) = h**3 - 41*h**2 - 91*h - 7. Give a(-2).
3
Let l(u) = u**2 + 36*u - 478. What is l(10)?
-18
Let i(l) = -3*l**3 + 2*l**2 + 3*l + 87. Calculate i(0).
87
Let o(q) = 11*q - 283. Give o(-17).
-470
Let x(v) = -v**3 + 58*v**2 - 171*v + 465. Determine x(55).
135
Let u(w) = w**3 + 42*w**2 - 185*w - 80. Determine u(-46).
-34
Let n(o) = o**3 - 29*o**2 - 201*o + 14. Calculate n(-6).
-40
Let z(u) = -20*u + 97. What is z(6)?
-23
Let t(m) = -232*m - 236. What is t(-1)?
-4
Let m(d) = -2*d**2 - 32*d + 23. Calculate m(-16).
23
Let g(z) = z**2 + 66*z - 495. Give g(-73).
16
Let m(x) = -x**2 + 1513*x + 7580. Give m(-5).
-10
Let c(r) = -201*r + 52864. Give c(263).
1
Let x(d) = -d**3 + 14*d**2 + 30*d + 17. What is x(14)?
437
Let t(p) = 9*p**3 - 72*p**2 + 144*p - 8. Determine t(2).
64
Let v(f) = -6*f**2 - 365*f + 2923. Calculate v(-68).
-1
Let w(c) = -c**3 - 20*c**2 - 85*c - 14. Calculate w(-7).
-56
Let s(f) = -2*f**2 - 51*f - 463. What is s(-12)?
-139
Let m(t) = -3*t**2 - 26*t - 130. What is m(-5)?
-75
Let p(h) = 4*h**2 + 255*h + 1725. Give p(-56).
-11
Let w(x) = -93*x - 943. Calculate w(-10).
-13
Let h(u) = -22*u - 566. What is h(-3)?
-500
Let d(q) = q**2 - 40*q + 389. What is d(9)?
110
Let m(c) = 99*c + 1098. Give m(-10).
108
Let v(j) = -185*j + 380. What is v(2)?
10
Let v(l) = -4*l**3 - 23*l**2 + 15*l + 60. Calculate v(-6).
6
Let s(l) = 209*l + 1327. Give s(-8).
-345
Let s(l) = -46*l + 2618. Calculate s(57).
-4
Let q(o) = -48*o**2 - 549*o + 47. Determine q(-12).
-277
Let n(r) = 635*r - 4439. Give n(7).
6
Let w(p) = -p**2 + 98*p - 203. Calculate w(96).
-11
Let w(g) = 66*g - 221. Calculate w(4).
43
Let g(j) = 96*j**2 - 21791*j - 221. Calculate g(227).
6
Let i(d) = 5*d**2 + 47*d + 103. What is i(-6)?
1
Let u(j) = -40*j - 112. Give u(4).
-272
Let w(u) = u**3 - 65*u**2 - 67*u + 60. Determine w(66).
-6
Let z(r) = r**2 + 27*r + 54. What is z(-26)?
28
Let h(m) = m**3 + 29*m**2 - 19*m + 98. What is h(0)?
98
Let x(k) = -158*k - 945. Calculate x(-6).
3
Let b(q) = 41*q - 270. Give b(13).
263
Let r(j) = 14*j**2 - 7*j + 5. What is r(-3)?
152
Let k(r) = -r**3 - 57*r**2 - 112*r - 108. Give k(-55).
2
Let m(f) = 4*f**2 - 258*f - 2640. What is m(-9)?
6
Let c(x) = 726*x**2 + 3632*x + 3. Give c(-5).
-7
Let j(z) = -196*z - 13723. What is j(-70)?
-3
Let d(g) = -2993*g - 2996. What is d(-1)?
-3
Let b(q) = 3*q**3 - 2*q**2 - 44*q - 75. Calculate b(-2).
-19
Let r(j) = 10*j**2 - 14*j + 93. Determine r(5).
273
Let q(n) = -3*n**2 + 54*n - 609. Calculate q(11).
-378
Let x(r) = 82*r - 37. What is x(-1)?
-119
Let i(g) = g**3 - 16*g**2 + 3*g - 36. Determine i(15).
-216
Let m(p) = -2*p**3 - 34*p**2 - p + 19. Determine m(0).
19
Let g(w) = -402*w - 17680. Determine g(-44).
8
Let y(m) = -m**3 - 9*m**2 + 42*m + 69. What is y(-12)?
-3
Let r(w) = -546*w - 3606. Calculate r(-6).
-330
Let t(n) = 16*n**2 - 3*n + 8. Give t(3).
143
Let g(b) = -224*b + 786. What is g(4)?
-110
Let k(c) = c**3 + 13*c**2 + 44*c + 177. What is k(-13)?
-395
Let b(f) = -f**2 + 153*f - 1029. Calculate b(7).
-7
Let v(b) = 4*b**3 + 45*b**2 + 11*b + 4. Calculate v(-11).
4
Let g(l) = 1146*l + 165016. Calculate g(-144).
-8
Let y(t) = t**2 + 64*t + 303. Calculate y(-59).
8
Let t(r) = -2*r**2 + 260*r + 4363. Give t(-15).
13
Let s(k) = k**3 + 33*k**2 + 106*k - 295. What is s(-29)?
-5
Let l(u) = 102*u - 5506. Calculate l(54).
2
Let o(f) = 6*f**2 + 261*f + 107. What is o(-43)?
-22
Let r(x) = 1358*x - 4063. Determine r(3).
11
Let s(w) = -25*w + 4. Give s(-11).
279
Let o(h) = -4*h**3 + 9*h**2 + 4*h - 12. What is o(4)?
-108
Let c(s) = -s**2 + 6*s - 45. Give c(12).
-117
Let u(f) = f**3 + 9*f**2 - 199*f - 1965. Determine u(-13).
-54
Let f(r) = 4*r**2 + 40*r - 41. Give f(1).
3
Let z(b) = -27*b + 126. Determine z(2).
72
Let y(f) = 20*f + 763. Determine y(-34).
83
Let z(o) = -8*o**2 - 6*o - 69. Give z(0).
-69
Let v(r) = r**3 - 25*r**2 - 27*r + 21. Determine v(26).
-5
Let f(n) = -68*n + 758. Determine f(10).
78
Let x(s) = -s**2 - 3*s + 17. Determine x(3).
-1
Let k(f) = -7*f**2 + 87*f - 53. Calculate k(12).
-17
Let a(k) = 2*k + 41. What is a(-23)?
-5
Let j(g) = g**2 + 22*g - 123. Calculate j(-26).
-19
Let f(u) = -2*u**2 - 69*u + 276. Calculate f(-40).
-164
Let n(t) = -74*t + 1617. Determine n(18).
285
Let b(o) = -o**2 + 2*o + 83. Calculate b(-8).
3
Let k(a) = a**2 - 33*a - 96. Calculate k(28).
-236
Let t(y) = -y**2 - 32*y + 24. Give t(7).
-249
Let t(a) = -a**3 - 34*a**2 - 253*a + 124. Determine t(-12).
-8
Let l(d) = d**2 + 64*d + 811. Give l(-43).
-92
Let m(c) = -c**3 - c**2 + 5*c + 33. Calculate m(3).
12
Let f(j) = 2*j**3 - 87*j**2 + 55*j - 515. Give f(43).
1
Let s(b) = -7*b - 65. Determine s(-12).
19
Let u(m) = -2*m**2 + 58*m - 1. Determine u(25).
199
Let n(x) = -6*x - 4. Give n(-2).
8
Let m(g) = 8*g**2 - 20*g - 1. Give m(6).
167
Let n(z) = -z**3 - 8*z**2 + 5*z + 103. Determine n(-5).
3
Let z(c) = 30*c - 676. Calculate z(23).
14
Let y(v) = -5*v**2 - 3*v - 29. Determine y(-12).
-713
Let v(k) = -17*k**2 - 39*k - 1. Determine v(-3).
-37
Let b(o) = -27